{"id":269,"date":"2019-12-10T09:59:17","date_gmt":"2019-12-10T09:59:17","guid":{"rendered":"https:\/\/www.gsoffenhausen.schule.neu-ulm.de\/?page_id=269"},"modified":"2025-12-01T10:55:06","modified_gmt":"2025-12-01T10:55:06","slug":"sozialpaedagogik","status":"publish","type":"page","link":"https:\/\/gsoffenhausen.schule.neu-ulm.de\/?page_id=269","title":{"rendered":"Sozialp\u00e4dagogik"},"content":{"rendered":"\n<p><\/p>\n\n\n\n<h4 class=\"wp-block-heading\">Unsere Schulsozialp\u00e4dagogenstelle aus dem Programm &#8222;Schule \u00f6ffnet sich&#8220; ist wieder  besetzt:<\/h4>\n\n\n\n<div data-wp-interactive=\"core\/file\" class=\"wp-block-file\"><object data-wp-bind--hidden=\"!state.hasPdfPreview\" hidden class=\"wp-block-file__embed\" data=\"https:\/\/gsoffenhausen.schule.neu-ulm.de\/wp-content\/uploads\/2025\/12\/Schulsozialpaedagogik_Homepage.pdf\" type=\"application\/pdf\" style=\"width:100%;height:600px\" aria-label=\"PDF-Einbettung\"><\/object><\/div>\n\n\n\n<h4 class=\"wp-block-heading\">F\u00fcr die Einzelfallberatung steht uns nun eine Schulsozialp\u00e4dagogin zur Verf\u00fcgung:<\/h4>\n\n\n\n<div data-wp-interactive=\"core\/file\" class=\"wp-block-file\"><object data-wp-bind--hidden=\"!state.hasPdfPreview\" hidden class=\"wp-block-file__embed\" data=\"https:\/\/gsoffenhausen.schule.neu-ulm.de\/wp-content\/uploads\/2025\/10\/Schulsozialarbeit-an-der-Grundschule-Offenhausen.pdf\" type=\"application\/pdf\" style=\"width:100%;height:600px\" aria-label=\"PDF-Einbettung\"><\/object><\/div>\n\n\n\n<h4 class=\"wp-block-heading\">Frau Heinisch, ist die Sozialp\u00e4dagogin f\u00fcr unsere Deutschklasse.<\/h4>\n\n\n\n<p class=\"has-text-color\" style=\"color:#a30003\"><\/p>\n\n\n\n<div style=\"height:100px\" aria-hidden=\"true\" class=\"wp-block-spacer\"><\/div>\n\n\n\n<hr class=\"wp-block-separator has-css-opacity is-style-wide\"\/>\n\n\n\n<p><\/p>\n\n\n\n<h2 class=\"wp-block-heading\">Das Fr\u00fchaufsteher Caf\u00e9<\/h2>\n\n\n\n<p><\/p>\n\n\n\n<p>viele Kinder kommen morgens schon sehr fr\u00fch zur Schule. Damit sie diese Zeit in einer angenehmen Atmosph\u00e4re verbringen k\u00f6nnen, gibt es immer mittwochs das Fr\u00fchaufsteher-Caf\u00e9.<\/p>\n\n\n\n<p>Hierf\u00fcr \u00f6ffnen wir <strong>jeden Mittwoch von 07:15 Uhr bis 07:40 Uhr<\/strong> die Mensa f\u00fcr alle Kinder, die den Schultag ruhig beginnen m\u00f6chten.<\/p>\n\n\n\n<p>Da die Pl\u00e4tze begrenzt sind, werden am Eingang <strong>W\u00e4scheklammern<\/strong> ausgelegt. Wer eine Klammer bekommt, kann an diesem Tag teilnehmen. Ist keine Klammer mehr verf\u00fcgbar, kann das Kind am n\u00e4chsten Mittwoch wieder vorbeischauen.<\/p>\n\n\n\n<p><\/p>\n","protected":false},"excerpt":{"rendered":"<p>Unsere Schulsozialp\u00e4dagogenstelle aus dem Programm &#8222;Schule \u00f6ffnet sich&#8220; ist wieder besetzt: F\u00fcr die Einzelfallberatung steht uns nun eine Schulsozialp\u00e4dagogin zur&hellip;<\/p>\n","protected":false},"author":2,"featured_media":0,"parent":0,"menu_order":0,"comment_status":"closed","ping_status":"closed","template":"","meta":{"footnotes":""},"class_list":["post-269","page","type-page","status-publish","hentry"],"_links":{"self":[{"href":"https:\/\/gsoffenhausen.schule.neu-ulm.de\/index.php?rest_route=\/wp\/v2\/pages\/269","targetHints":{"allow":["GET"]}}],"collection":[{"href":"https:\/\/gsoffenhausen.schule.neu-ulm.de\/index.php?rest_route=\/wp\/v2\/pages"}],"about":[{"href":"https:\/\/gsoffenhausen.schule.neu-ulm.de\/index.php?rest_route=\/wp\/v2\/types\/page"}],"author":[{"embeddable":true,"href":"https:\/\/gsoffenhausen.schule.neu-ulm.de\/index.php?rest_route=\/wp\/v2\/users\/2"}],"replies":[{"embeddable":true,"href":"https:\/\/gsoffenhausen.schule.neu-ulm.de\/index.php?rest_route=%2Fwp%2Fv2%2Fcomments&post=269"}],"version-history":[{"count":27,"href":"https:\/\/gsoffenhausen.schule.neu-ulm.de\/index.php?rest_route=\/wp\/v2\/pages\/269\/revisions"}],"predecessor-version":[{"id":6456,"href":"https:\/\/gsoffenhausen.schule.neu-ulm.de\/index.php?rest_route=\/wp\/v2\/pages\/269\/revisions\/6456"}],"wp:attachment":[{"href":"https:\/\/gsoffenhausen.schule.neu-ulm.de\/index.php?rest_route=%2Fwp%2Fv2%2Fmedia&parent=269"}],"curies":[{"name":"wp","href":"https:\/\/api.w.org\/{rel}","templated":true}]}}