{"id":3047,"date":"2020-12-09T10:44:53","date_gmt":"2020-12-09T10:44:53","guid":{"rendered":"https:\/\/www.gsoffenhausen.schule.neu-ulm.de\/?page_id=3047"},"modified":"2025-01-31T07:53:15","modified_gmt":"2025-01-31T07:53:15","slug":"deutschklasse","status":"publish","type":"page","link":"https:\/\/gsoffenhausen.schule.neu-ulm.de\/?page_id=3047","title":{"rendered":"Deutschklasse"},"content":{"rendered":"\n<p>An der Grundschule Offenhausen gibt es eine Deutschklasse f\u00fcr Kinder, die ohne oder mit nur geringen Deutschkenntnissen nach Deutschland kommen. Der besondere Fokus liegt neben den Inhalten der jahrgangstypischen Lehrplaninhalte auf dem Erlernen der Sprache und der hier \u00fcblichen Werte, Gepflogenheiten und Normen. Mit diesem guten Start in unser Schulsystem werden die Sch\u00fcler\/innen f\u00fcr die Regelklassen fit gemacht.<\/p>\n\n\n<div  id=\"_ytid_92930\" class=\"__youtube_prefs__  __youtube_prefs_gdpr__ \" allowfullscreen data-no-lazy=\"1\" data-skipgform_ajax_framebjll=\"\"><p><strong>Please accept YouTube cookies to play this video.<\/strong> By accepting you will be accessing content from YouTube, a service provided by an external third party.<\/p>\n<p><a href=\"https:\/\/policies.google.com\/privacy\" target=\"_blank\" rel=\"noopener\">YouTube privacy policy<\/a><\/p>\n<p>If you accept this notice, your choice will be saved and the page will refresh.<\/p>\n<button type=\"button\" class=\"__youtube_prefs_gdpr__\">Accept YouTube Content<img decoding=\"async\" src=\"https:\/\/gsoffenhausen.schule.neu-ulm.de\/wp-content\/plugins\/youtube-embed-plus\/images\/icon-check.png\" alt=\"accept\" data-no-lazy=\"1\" data-skipgform_ajax_framebjll=\"\" \/><\/button><\/div>\n\n\n<div style=\"height:30px\" aria-hidden=\"true\" class=\"wp-block-spacer\"><\/div>\n\n\n\n<p>Unsere Deutschklasse 3\/4 findet im gebundenen Ganztag statt. Hier wechseln sich Lern- und Freizeitaktivit\u00e4ten ab und es werden Angebote im musischen, k\u00fcnstlerischen und sportlichen Bereich gemacht. Studierzeiten in geteilten Gruppen und die Leseschiene erm\u00f6glichen das Lernen nach individuellem Fortschritt. B\u00fcchereizeiten und Lesepatenzeiten werden in den Alltag integriert. Im Rahmen der Werteerziehung und dem gebundenen Ganztag ist Platz f\u00fcr Kooperation mit au\u00dferschulischen Lernpartnern wie Kindergarten, Altenheim, Stadtb\u00fccherei, Sportvereinen oder der Zeitung. Durch Stunden einer Sozialp\u00e4dagogin k\u00f6nnen kulturelle Grundgegebenheiten im neuen Heimatland kennengelernt, Alltagskompetenzen erworben, Konflikte gel\u00f6st und Traumata angegangen werden. Der sozial-emotionalen sowie der moralischen und kulturellen Integration wird Gewicht verliehen. Sozialkompetenztraining, Antiaggressionstraining, Konfliktf\u00e4higkeitstraining oder Streitschlichterausbildung sind m\u00f6glich. Dieses Projekt wird aus dem Europ\u00e4ischen Sozialfonds gef\u00f6rdert.<\/p>\n\n\n\n<figure class=\"wp-block-image size-large\"><img loading=\"lazy\" decoding=\"async\" width=\"1024\" height=\"223\" src=\"https:\/\/gsoffenhausen.schule.neu-ulm.de\/wp-content\/uploads\/2024\/03\/DE-Finanziert-von-der-Europaeischen-Union-POS-1024x223.jpg\" alt=\"\" class=\"wp-image-5681\" srcset=\"https:\/\/gsoffenhausen.schule.neu-ulm.de\/wp-content\/uploads\/2024\/03\/DE-Finanziert-von-der-Europaeischen-Union-POS-1024x223.jpg 1024w, https:\/\/gsoffenhausen.schule.neu-ulm.de\/wp-content\/uploads\/2024\/03\/DE-Finanziert-von-der-Europaeischen-Union-POS-300x65.jpg 300w, https:\/\/gsoffenhausen.schule.neu-ulm.de\/wp-content\/uploads\/2024\/03\/DE-Finanziert-von-der-Europaeischen-Union-POS-768x167.jpg 768w, https:\/\/gsoffenhausen.schule.neu-ulm.de\/wp-content\/uploads\/2024\/03\/DE-Finanziert-von-der-Europaeischen-Union-POS-1536x334.jpg 1536w, https:\/\/gsoffenhausen.schule.neu-ulm.de\/wp-content\/uploads\/2024\/03\/DE-Finanziert-von-der-Europaeischen-Union-POS-2048x445.jpg 2048w, https:\/\/gsoffenhausen.schule.neu-ulm.de\/wp-content\/uploads\/2024\/03\/DE-Finanziert-von-der-Europaeischen-Union-POS-1600x348.jpg 1600w\" sizes=\"auto, (max-width: 1024px) 100vw, 1024px\" \/><figcaption class=\"wp-element-caption\">Die F\u00f6rderung wird durch das <strong>Bayerische Staatsministerium f\u00fcr Unterricht und Kultus<\/strong> abgewickelt.<\/figcaption><\/figure>\n\n\n\n<p>Die Kinder haben die M\u00f6glichkeit, die neue Sprache in alltagsnahen Themengebieten, spielerisch und mit viel Unterst\u00fctzung durch Lehrerteams zu lernen. So werden z. B.&nbsp; die neu gelernten \u201eHerbstw\u00f6rter\u201c gleich bei einem Spaziergang gesucht und gesammelt oder das Papierrecycling im Klassenzimmer selbst ausprobiert, ein Bilderbuch wird zum Anlass genommen selbst Bilder zu gestalten und den anderen Kindern auf Deutsch davon zu erz\u00e4hlen.<\/p>\n\n\n\n<figure class=\"wp-block-gallery has-nested-images columns-default is-cropped wp-block-gallery-1 is-layout-flex wp-block-gallery-is-layout-flex\">\n<figure class=\"wp-block-image size-large\"><img loading=\"lazy\" decoding=\"async\" width=\"1024\" height=\"768\" data-id=\"3244\" src=\"https:\/\/gsoffenhausen.schule.neu-ulm.de\/wp-content\/uploads\/2021\/01\/06-1024x768.jpg\" alt=\"\" class=\"wp-image-3244\" srcset=\"https:\/\/gsoffenhausen.schule.neu-ulm.de\/wp-content\/uploads\/2021\/01\/06-1024x768.jpg 1024w, https:\/\/gsoffenhausen.schule.neu-ulm.de\/wp-content\/uploads\/2021\/01\/06-300x225.jpg 300w, https:\/\/gsoffenhausen.schule.neu-ulm.de\/wp-content\/uploads\/2021\/01\/06-768x576.jpg 768w, https:\/\/gsoffenhausen.schule.neu-ulm.de\/wp-content\/uploads\/2021\/01\/06-1536x1152.jpg 1536w, https:\/\/gsoffenhausen.schule.neu-ulm.de\/wp-content\/uploads\/2021\/01\/06-2048x1536.jpg 2048w, https:\/\/gsoffenhausen.schule.neu-ulm.de\/wp-content\/uploads\/2021\/01\/06-1600x1200.jpg 1600w\" sizes=\"auto, (max-width: 1024px) 100vw, 1024px\" \/><\/figure>\n\n\n\n<figure class=\"wp-block-image size-large\"><img loading=\"lazy\" decoding=\"async\" width=\"1024\" height=\"768\" data-id=\"3242\" src=\"https:\/\/gsoffenhausen.schule.neu-ulm.de\/wp-content\/uploads\/2021\/01\/04-1024x768.jpg\" alt=\"\" class=\"wp-image-3242\" srcset=\"https:\/\/gsoffenhausen.schule.neu-ulm.de\/wp-content\/uploads\/2021\/01\/04-1024x768.jpg 1024w, https:\/\/gsoffenhausen.schule.neu-ulm.de\/wp-content\/uploads\/2021\/01\/04-300x225.jpg 300w, https:\/\/gsoffenhausen.schule.neu-ulm.de\/wp-content\/uploads\/2021\/01\/04-768x576.jpg 768w, https:\/\/gsoffenhausen.schule.neu-ulm.de\/wp-content\/uploads\/2021\/01\/04-1536x1152.jpg 1536w, https:\/\/gsoffenhausen.schule.neu-ulm.de\/wp-content\/uploads\/2021\/01\/04-2048x1536.jpg 2048w, https:\/\/gsoffenhausen.schule.neu-ulm.de\/wp-content\/uploads\/2021\/01\/04-1600x1200.jpg 1600w\" sizes=\"auto, (max-width: 1024px) 100vw, 1024px\" \/><\/figure>\n\n\n\n<figure class=\"wp-block-image size-large\"><img loading=\"lazy\" decoding=\"async\" width=\"1024\" height=\"718\" data-id=\"3243\" src=\"https:\/\/gsoffenhausen.schule.neu-ulm.de\/wp-content\/uploads\/2021\/01\/05-1024x718.jpg\" alt=\"\" class=\"wp-image-3243\" srcset=\"https:\/\/gsoffenhausen.schule.neu-ulm.de\/wp-content\/uploads\/2021\/01\/05-1024x718.jpg 1024w, https:\/\/gsoffenhausen.schule.neu-ulm.de\/wp-content\/uploads\/2021\/01\/05-300x210.jpg 300w, https:\/\/gsoffenhausen.schule.neu-ulm.de\/wp-content\/uploads\/2021\/01\/05-768x539.jpg 768w, https:\/\/gsoffenhausen.schule.neu-ulm.de\/wp-content\/uploads\/2021\/01\/05-1536x1077.jpg 1536w, https:\/\/gsoffenhausen.schule.neu-ulm.de\/wp-content\/uploads\/2021\/01\/05-2048x1436.jpg 2048w, https:\/\/gsoffenhausen.schule.neu-ulm.de\/wp-content\/uploads\/2021\/01\/05-1600x1122.jpg 1600w\" sizes=\"auto, (max-width: 1024px) 100vw, 1024px\" \/><\/figure>\n<\/figure>\n\n\n\n<p>Kinder aus vielen L\u00e4ndern treffen in der Deutschklasse aufeinander. Die neue gemeinsame Sprache wird deshalb als Verst\u00e4ndigungsmittel f\u00fcr alle Kinder bedeutsam. Beim Lernen muss sich keiner ausgeschlossen f\u00fchlen oder Angst vor Fehlern haben, da alle Kinder einmal Sprachanf\u00e4nger waren und sich gut einf\u00fchlen k\u00f6nnen. &nbsp;Wenn dann pl\u00f6tzlich \u201edas M\u00e4dchen\u201c zu \u201edas M\u00e4ppchen\u201c wird, k\u00f6nnen wir gemeinsam dar\u00fcber lachen und daraus lernen. Die Kinder lernen mit- und voneinander, wie das Zusammenleben und Lernen im neuen Land erfolgreich gelingen kann. Dabei wird jedes Kind seinen F\u00e4higkeiten entsprechen unterst\u00fctzt und begleitet.<\/p>\n\n\n\n<figure class=\"wp-block-gallery has-nested-images columns-default is-cropped wp-block-gallery-2 is-layout-flex wp-block-gallery-is-layout-flex\">\n<figure class=\"wp-block-image size-large\"><img loading=\"lazy\" decoding=\"async\" width=\"768\" height=\"1024\" data-id=\"3238\" src=\"https:\/\/gsoffenhausen.schule.neu-ulm.de\/wp-content\/uploads\/2021\/01\/01-768x1024.jpg\" alt=\"\" class=\"wp-image-3238\" srcset=\"https:\/\/gsoffenhausen.schule.neu-ulm.de\/wp-content\/uploads\/2021\/01\/01-768x1024.jpg 768w, https:\/\/gsoffenhausen.schule.neu-ulm.de\/wp-content\/uploads\/2021\/01\/01-225x300.jpg 225w, https:\/\/gsoffenhausen.schule.neu-ulm.de\/wp-content\/uploads\/2021\/01\/01-1152x1536.jpg 1152w, https:\/\/gsoffenhausen.schule.neu-ulm.de\/wp-content\/uploads\/2021\/01\/01-1536x2048.jpg 1536w, https:\/\/gsoffenhausen.schule.neu-ulm.de\/wp-content\/uploads\/2021\/01\/01-1600x2133.jpg 1600w, https:\/\/gsoffenhausen.schule.neu-ulm.de\/wp-content\/uploads\/2021\/01\/01-scaled.jpg 1920w\" sizes=\"auto, (max-width: 768px) 100vw, 768px\" \/><\/figure>\n\n\n\n<figure class=\"wp-block-image size-large\"><img loading=\"lazy\" decoding=\"async\" width=\"845\" height=\"1024\" data-id=\"3239\" src=\"https:\/\/gsoffenhausen.schule.neu-ulm.de\/wp-content\/uploads\/2021\/01\/02-845x1024.jpg\" alt=\"\" class=\"wp-image-3239\" srcset=\"https:\/\/gsoffenhausen.schule.neu-ulm.de\/wp-content\/uploads\/2021\/01\/02-845x1024.jpg 845w, https:\/\/gsoffenhausen.schule.neu-ulm.de\/wp-content\/uploads\/2021\/01\/02-247x300.jpg 247w, https:\/\/gsoffenhausen.schule.neu-ulm.de\/wp-content\/uploads\/2021\/01\/02-768x931.jpg 768w, https:\/\/gsoffenhausen.schule.neu-ulm.de\/wp-content\/uploads\/2021\/01\/02-1267x1536.jpg 1267w, https:\/\/gsoffenhausen.schule.neu-ulm.de\/wp-content\/uploads\/2021\/01\/02-1690x2048.jpg 1690w, https:\/\/gsoffenhausen.schule.neu-ulm.de\/wp-content\/uploads\/2021\/01\/02-1600x1939.jpg 1600w\" sizes=\"auto, (max-width: 845px) 100vw, 845px\" \/><\/figure>\n\n\n\n<figure class=\"wp-block-image size-large\"><img loading=\"lazy\" decoding=\"async\" width=\"772\" height=\"1024\" data-id=\"3240\" src=\"https:\/\/gsoffenhausen.schule.neu-ulm.de\/wp-content\/uploads\/2021\/01\/03-772x1024.jpg\" alt=\"\" class=\"wp-image-3240\" srcset=\"https:\/\/gsoffenhausen.schule.neu-ulm.de\/wp-content\/uploads\/2021\/01\/03-772x1024.jpg 772w, https:\/\/gsoffenhausen.schule.neu-ulm.de\/wp-content\/uploads\/2021\/01\/03-226x300.jpg 226w, https:\/\/gsoffenhausen.schule.neu-ulm.de\/wp-content\/uploads\/2021\/01\/03-768x1018.jpg 768w, https:\/\/gsoffenhausen.schule.neu-ulm.de\/wp-content\/uploads\/2021\/01\/03.jpg 951w\" sizes=\"auto, (max-width: 772px) 100vw, 772px\" \/><\/figure>\n<\/figure>\n\n\n\n<p>Seit 2024\/25 haben wir auch eine Deutschklasse 1\/2 f\u00fcr Erst- und Zweitkl\u00e4ssler.<\/p>\n","protected":false},"excerpt":{"rendered":"<p>An der Grundschule Offenhausen gibt es eine Deutschklasse f\u00fcr Kinder, die ohne oder mit nur geringen Deutschkenntnissen nach Deutschland kommen.&hellip;<\/p>\n","protected":false},"author":1,"featured_media":0,"parent":0,"menu_order":0,"comment_status":"closed","ping_status":"closed","template":"","meta":{"footnotes":""},"class_list":["post-3047","page","type-page","status-publish","hentry"],"_links":{"self":[{"href":"https:\/\/gsoffenhausen.schule.neu-ulm.de\/index.php?rest_route=\/wp\/v2\/pages\/3047","targetHints":{"allow":["GET"]}}],"collection":[{"href":"https:\/\/gsoffenhausen.schule.neu-ulm.de\/index.php?rest_route=\/wp\/v2\/pages"}],"about":[{"href":"https:\/\/gsoffenhausen.schule.neu-ulm.de\/index.php?rest_route=\/wp\/v2\/types\/page"}],"author":[{"embeddable":true,"href":"https:\/\/gsoffenhausen.schule.neu-ulm.de\/index.php?rest_route=\/wp\/v2\/users\/1"}],"replies":[{"embeddable":true,"href":"https:\/\/gsoffenhausen.schule.neu-ulm.de\/index.php?rest_route=%2Fwp%2Fv2%2Fcomments&post=3047"}],"version-history":[{"count":16,"href":"https:\/\/gsoffenhausen.schule.neu-ulm.de\/index.php?rest_route=\/wp\/v2\/pages\/3047\/revisions"}],"predecessor-version":[{"id":6045,"href":"https:\/\/gsoffenhausen.schule.neu-ulm.de\/index.php?rest_route=\/wp\/v2\/pages\/3047\/revisions\/6045"}],"wp:attachment":[{"href":"https:\/\/gsoffenhausen.schule.neu-ulm.de\/index.php?rest_route=%2Fwp%2Fv2%2Fmedia&parent=3047"}],"curies":[{"name":"wp","href":"https:\/\/api.w.org\/{rel}","templated":true}]}}

<p>An der Grundschule Offenhausen gibt es eine Deutschklasse für Kinder, die ohne oder mit nur geringen Deutschkenntnissen nach Deutschland kommen. Der besondere Fokus liegt neben den Inhalten der jahrgangstypischen Lehrplaninhalte auf dem Erlernen der Sprache und der hier üblichen Werte, Gepflogenheiten und Normen. Mit diesem guten Start in unser Schulsystem werden die Schüler/innen für die Regelklassen fit gemacht.</p>


<div  id="_ytid_92930" class="__youtube_prefs__  __youtube_prefs_gdpr__ " allowfullscreen data-no-lazy="1" data-skipgform_ajax_framebjll=""><p><strong>Please accept YouTube cookies to play this video.</strong> By accepting you will be accessing content from YouTube, a service provided by an external third party.</p>
<p><a href="https://policies.google.com/privacy" target="_blank" rel="noopener">YouTube privacy policy</a></p>
<p>If you accept this notice, your choice will be saved and the page will refresh.</p>
<button type="button" class="__youtube_prefs_gdpr__">Accept YouTube Content<img decoding="async" src="https://gsoffenhausen.schule.neu-ulm.de/wp-content/plugins/youtube-embed-plus/images/icon-check.png" alt="accept" data-no-lazy="1" data-skipgform_ajax_framebjll="" /></button></div>


<div style="height:30px" aria-hidden="true" class="wp-block-spacer"></div>



<p>Unsere Deutschklasse 3/4 findet im gebundenen Ganztag statt. Hier wechseln sich Lern- und Freizeitaktivitäten ab und es werden Angebote im musischen, künstlerischen und sportlichen Bereich gemacht. Studierzeiten in geteilten Gruppen und die Leseschiene ermöglichen das Lernen nach individuellem Fortschritt. Büchereizeiten und Lesepatenzeiten werden in den Alltag integriert. Im Rahmen der Werteerziehung und dem gebundenen Ganztag ist Platz für Kooperation mit außerschulischen Lernpartnern wie Kindergarten, Altenheim, Stadtbücherei, Sportvereinen oder der Zeitung. Durch Stunden einer Sozialpädagogin können kulturelle Grundgegebenheiten im neuen Heimatland kennengelernt, Alltagskompetenzen erworben, Konflikte gelöst und Traumata angegangen werden. Der sozial-emotionalen sowie der moralischen und kulturellen Integration wird Gewicht verliehen. Sozialkompetenztraining, Antiaggressionstraining, Konfliktfähigkeitstraining oder Streitschlichterausbildung sind möglich. Dieses Projekt wird aus dem Europäischen Sozialfonds gefördert.</p>



<figure class="wp-block-image size-large"><img loading="lazy" decoding="async" width="1024" height="223" src="https://gsoffenhausen.schule.neu-ulm.de/wp-content/uploads/2024/03/DE-Finanziert-von-der-Europaeischen-Union-POS-1024x223.jpg" alt="" class="wp-image-5681" srcset="https://gsoffenhausen.schule.neu-ulm.de/wp-content/uploads/2024/03/DE-Finanziert-von-der-Europaeischen-Union-POS-1024x223.jpg 1024w, https://gsoffenhausen.schule.neu-ulm.de/wp-content/uploads/2024/03/DE-Finanziert-von-der-Europaeischen-Union-POS-300x65.jpg 300w, https://gsoffenhausen.schule.neu-ulm.de/wp-content/uploads/2024/03/DE-Finanziert-von-der-Europaeischen-Union-POS-768x167.jpg 768w, https://gsoffenhausen.schule.neu-ulm.de/wp-content/uploads/2024/03/DE-Finanziert-von-der-Europaeischen-Union-POS-1536x334.jpg 1536w, https://gsoffenhausen.schule.neu-ulm.de/wp-content/uploads/2024/03/DE-Finanziert-von-der-Europaeischen-Union-POS-2048x445.jpg 2048w, https://gsoffenhausen.schule.neu-ulm.de/wp-content/uploads/2024/03/DE-Finanziert-von-der-Europaeischen-Union-POS-1600x348.jpg 1600w" sizes="auto, (max-width: 1024px) 100vw, 1024px" /><figcaption class="wp-element-caption">Die Förderung wird durch das <strong>Bayerische Staatsministerium für Unterricht und Kultus</strong> abgewickelt.</figcaption></figure>



<p>Die Kinder haben die Möglichkeit, die neue Sprache in alltagsnahen Themengebieten, spielerisch und mit viel Unterstützung durch Lehrerteams zu lernen. So werden z. B.&nbsp; die neu gelernten „Herbstwörter“ gleich bei einem Spaziergang gesucht und gesammelt oder das Papierrecycling im Klassenzimmer selbst ausprobiert, ein Bilderbuch wird zum Anlass genommen selbst Bilder zu gestalten und den anderen Kindern auf Deutsch davon zu erzählen.</p>



<figure class="wp-block-gallery has-nested-images columns-default is-cropped wp-block-gallery-1 is-layout-flex wp-block-gallery-is-layout-flex">
<figure class="wp-block-image size-large"><img loading="lazy" decoding="async" width="1024" height="768" data-id="3244" src="https://gsoffenhausen.schule.neu-ulm.de/wp-content/uploads/2021/01/06-1024x768.jpg" alt="" class="wp-image-3244" srcset="https://gsoffenhausen.schule.neu-ulm.de/wp-content/uploads/2021/01/06-1024x768.jpg 1024w, https://gsoffenhausen.schule.neu-ulm.de/wp-content/uploads/2021/01/06-300x225.jpg 300w, https://gsoffenhausen.schule.neu-ulm.de/wp-content/uploads/2021/01/06-768x576.jpg 768w, https://gsoffenhausen.schule.neu-ulm.de/wp-content/uploads/2021/01/06-1536x1152.jpg 1536w, https://gsoffenhausen.schule.neu-ulm.de/wp-content/uploads/2021/01/06-2048x1536.jpg 2048w, https://gsoffenhausen.schule.neu-ulm.de/wp-content/uploads/2021/01/06-1600x1200.jpg 1600w" sizes="auto, (max-width: 1024px) 100vw, 1024px" /></figure>



<figure class="wp-block-image size-large"><img loading="lazy" decoding="async" width="1024" height="768" data-id="3242" src="https://gsoffenhausen.schule.neu-ulm.de/wp-content/uploads/2021/01/04-1024x768.jpg" alt="" class="wp-image-3242" srcset="https://gsoffenhausen.schule.neu-ulm.de/wp-content/uploads/2021/01/04-1024x768.jpg 1024w, https://gsoffenhausen.schule.neu-ulm.de/wp-content/uploads/2021/01/04-300x225.jpg 300w, https://gsoffenhausen.schule.neu-ulm.de/wp-content/uploads/2021/01/04-768x576.jpg 768w, https://gsoffenhausen.schule.neu-ulm.de/wp-content/uploads/2021/01/04-1536x1152.jpg 1536w, https://gsoffenhausen.schule.neu-ulm.de/wp-content/uploads/2021/01/04-2048x1536.jpg 2048w, https://gsoffenhausen.schule.neu-ulm.de/wp-content/uploads/2021/01/04-1600x1200.jpg 1600w" sizes="auto, (max-width: 1024px) 100vw, 1024px" /></figure>



<figure class="wp-block-image size-large"><img loading="lazy" decoding="async" width="1024" height="718" data-id="3243" src="https://gsoffenhausen.schule.neu-ulm.de/wp-content/uploads/2021/01/05-1024x718.jpg" alt="" class="wp-image-3243" srcset="https://gsoffenhausen.schule.neu-ulm.de/wp-content/uploads/2021/01/05-1024x718.jpg 1024w, https://gsoffenhausen.schule.neu-ulm.de/wp-content/uploads/2021/01/05-300x210.jpg 300w, https://gsoffenhausen.schule.neu-ulm.de/wp-content/uploads/2021/01/05-768x539.jpg 768w, https://gsoffenhausen.schule.neu-ulm.de/wp-content/uploads/2021/01/05-1536x1077.jpg 1536w, https://gsoffenhausen.schule.neu-ulm.de/wp-content/uploads/2021/01/05-2048x1436.jpg 2048w, https://gsoffenhausen.schule.neu-ulm.de/wp-content/uploads/2021/01/05-1600x1122.jpg 1600w" sizes="auto, (max-width: 1024px) 100vw, 1024px" /></figure>
</figure>



<p>Kinder aus vielen Ländern treffen in der Deutschklasse aufeinander. Die neue gemeinsame Sprache wird deshalb als Verständigungsmittel für alle Kinder bedeutsam. Beim Lernen muss sich keiner ausgeschlossen fühlen oder Angst vor Fehlern haben, da alle Kinder einmal Sprachanfänger waren und sich gut einfühlen können. &nbsp;Wenn dann plötzlich „das Mädchen“ zu „das Mäppchen“ wird, können wir gemeinsam darüber lachen und daraus lernen. Die Kinder lernen mit- und voneinander, wie das Zusammenleben und Lernen im neuen Land erfolgreich gelingen kann. Dabei wird jedes Kind seinen Fähigkeiten entsprechen unterstützt und begleitet.</p>



<figure class="wp-block-gallery has-nested-images columns-default is-cropped wp-block-gallery-2 is-layout-flex wp-block-gallery-is-layout-flex">
<figure class="wp-block-image size-large"><img loading="lazy" decoding="async" width="768" height="1024" data-id="3238" src="https://gsoffenhausen.schule.neu-ulm.de/wp-content/uploads/2021/01/01-768x1024.jpg" alt="" class="wp-image-3238" srcset="https://gsoffenhausen.schule.neu-ulm.de/wp-content/uploads/2021/01/01-768x1024.jpg 768w, https://gsoffenhausen.schule.neu-ulm.de/wp-content/uploads/2021/01/01-225x300.jpg 225w, https://gsoffenhausen.schule.neu-ulm.de/wp-content/uploads/2021/01/01-1152x1536.jpg 1152w, https://gsoffenhausen.schule.neu-ulm.de/wp-content/uploads/2021/01/01-1536x2048.jpg 1536w, https://gsoffenhausen.schule.neu-ulm.de/wp-content/uploads/2021/01/01-1600x2133.jpg 1600w, https://gsoffenhausen.schule.neu-ulm.de/wp-content/uploads/2021/01/01-scaled.jpg 1920w" sizes="auto, (max-width: 768px) 100vw, 768px" /></figure>



<figure class="wp-block-image size-large"><img loading="lazy" decoding="async" width="845" height="1024" data-id="3239" src="https://gsoffenhausen.schule.neu-ulm.de/wp-content/uploads/2021/01/02-845x1024.jpg" alt="" class="wp-image-3239" srcset="https://gsoffenhausen.schule.neu-ulm.de/wp-content/uploads/2021/01/02-845x1024.jpg 845w, https://gsoffenhausen.schule.neu-ulm.de/wp-content/uploads/2021/01/02-247x300.jpg 247w, https://gsoffenhausen.schule.neu-ulm.de/wp-content/uploads/2021/01/02-768x931.jpg 768w, https://gsoffenhausen.schule.neu-ulm.de/wp-content/uploads/2021/01/02-1267x1536.jpg 1267w, https://gsoffenhausen.schule.neu-ulm.de/wp-content/uploads/2021/01/02-1690x2048.jpg 1690w, https://gsoffenhausen.schule.neu-ulm.de/wp-content/uploads/2021/01/02-1600x1939.jpg 1600w" sizes="auto, (max-width: 845px) 100vw, 845px" /></figure>



<figure class="wp-block-image size-large"><img loading="lazy" decoding="async" width="772" height="1024" data-id="3240" src="https://gsoffenhausen.schule.neu-ulm.de/wp-content/uploads/2021/01/03-772x1024.jpg" alt="" class="wp-image-3240" srcset="https://gsoffenhausen.schule.neu-ulm.de/wp-content/uploads/2021/01/03-772x1024.jpg 772w, https://gsoffenhausen.schule.neu-ulm.de/wp-content/uploads/2021/01/03-226x300.jpg 226w, https://gsoffenhausen.schule.neu-ulm.de/wp-content/uploads/2021/01/03-768x1018.jpg 768w, https://gsoffenhausen.schule.neu-ulm.de/wp-content/uploads/2021/01/03.jpg 951w" sizes="auto, (max-width: 772px) 100vw, 772px" /></figure>
</figure>



<p>Seit 2024/25 haben wir auch eine Deutschklasse 1/2 für Erst- und Zweitklässler.</p>

<p>An der Grundschule Offenhausen gibt es eine Deutschklasse für Kinder, die ohne oder mit nur geringen Deutschkenntnissen nach Deutschland kommen.&hellip;</p>
